divided by 159.
155
What is the remainder when 392 is divided by 193?
6
Calculate the remainder when 1318 is divided by 13.
5
Calculate the remainder when 8877 is divided by 467.
4
What is the remainder when 744 is divided by 71?
34
Calculate the remainder when 662 is divided by 39.
38
What is the remainder when 1777 is divided by 13?
9
Calculate the remainder when 143 is divided by 7.
3
What is the remainder when 1044 is divided by 259?
8
Calculate the remainder when 759 is divided by 10.
9
What is the remainder when 395 is divided by 118?
41
Calculate the remainder when 6897 is divided by 69.
66
Calculate the remainder when 282 is divided by 73.
63
Calculate the remainder when 762 is divided by 227.
81
Calculate the remainder when 39 is divided by 25.
14
Calculate the remainder when 99 is divided by 19.
4
What is the remainder when 1674 is divided by 407?
46
Calculate the remainder when 537 is divided by 166.
39
What is the remainder when 757 is divided by 19?
16
What is the remainder when 2997 is divided by 25?
22
What is the remainder when 878 is divided by 19?
4
What is the remainder when 208 is divided by 30?
28
What is the remainder when 65 is divided by 6?
5
What is the remainder when 6383 is divided by 2122?
17
Calculate the remainder when 322 is divided by 19.
18
What is the remainder when 2267 is divided by 54?
53
Calculate the remainder when 79 is divided by 10.
9
What is the remainder when 3509 is divided by 870?
29
Calculate the remainder when 160 is divided by 18.
16
Calculate the remainder when 709 is divided by 79.
77
Calculate the remainder when 312 is divided by 80.
72
Calculate the remainder when 8095 is divided by 89.
85
What is the remainder when 106 is divided by 98?
8
Calculate the remainder when 3196 is divided by 26.
24
What is the remainder when 45 is divided by 29?
16
What is the remainder when 83 is divided by 10?
3
Calculate the remainder when 674 is divided by 40.
34
Calculate the remainder when 708 is divided by 146.
124
Calculate the remainder when 3387 is divided by 154.
153
Calculate the remainder when 1058 is divided by 20.
18
Calculate the remainder when 426 is divided by 144.
138
Calculate the remainder when 15868 is divided by 3967.
0
Calculate the remainder when 57 is divided by 30.
27
Calculate the remainder when 170 is divided by 58.
54
What is the remainder when 117 is divided by 72?
45
What is the remainder when 140 is divided by 36?
32
What is the remainder when 3075 is divided by 54?
51
What is the remainder when 79 is divided by 42?
37
Calculate the remainder when 521 is divided by 29.
28
Calculate the remainder when 4642 is divided by 28.
22
What is the remainder when 179 is divided by 22?
3
What is the remainder when 131 is divided by 46?
39
Calculate the remainder when 1145 is divided by 1139.
6
What is the remainder when 66 is divided by 30?
6
Calculate the remainder when 357 is divided by 9.
6
What is the remainder when 6765 is divided by 24?
21
Calculate the remainder when 6295 is divided by 150.
145
Calculate the remainder when 65 is divided by 12.
5
What is the remainder when 3655 is divided by 1207?
34
What is the remainder when 31 is divided by 16?
15
What is the remainder when 849 is divided by 195?
69
Calculate the remainder when 656 is divided by 84.
68
Calculate the remainder when 1440 is divided by 25.
15
Calculate the remainder when 1078 is divided by 214.
8
Calculate the remainder when 469 is divided by 118.
115
What is the remainder when 368 is divided by 7?
4
Calculate the remainder when 9307 is divided by 13.
12
Calculate the remainder when 135 is divided by 23.
20
Calculate the remainder when 341 is divided by 57.
56
What is the remainder when 193 is divided by 95?
3
Calculate the remainder when 16 is divided by 2.
0
What is the remainder when 574 is divided by 128?
62
Calculate the remainder when 1876 is divided by 22.
6
Calculate the remainder when 349 is divided by 50.
49
What is the remainder when 1612 is divided by 19?
16
What is the remainder when 522 is divided by 15?
12
What is the remainder when 1644 is divided by 268?
36
What is the remainder when 556 is divided by 37?
1
Calculate the remainder when 3625 is divided by 117.
115
What is the remainder when 4367 is divided by 46?
43
What is the remainder when 3569 is divided by 149?
142
Calculate the remainder when 179 is divided by 37.
31
Calculate the remainder when 1519 is divided by 11.
1
What is the remainder when 114 is divided by 39?
36
What is the remainder when 76 is divided by 13?
11
What is the remainder when 113 is divided by 25?
13
What is the remainder when 62 is divided by 60?
2
Calculate the remainder when 207 is divided by 11.
9
What is the remainder when 96 is divided by 27?
15
Calculate the remainder when 1262 is divided by 314.
6
Calculate the remainder when 11213 is divided by 3735.
8
Calculate the remainder when 137 is divided by 5.
2
What is the remainder when 163 is divided by 59?
45
What is the remainder when 434 is divided by 146?
142
Calculate the remainder when 128 is divided by 6.
2
What is the remainder when 218 is divided by 99?
20
Calculate the remainder when 1244 is divided by 104.
100
What is the remainder when 20589 is divided by 16?
13
What is the remainder when 92 is divided by 59?
33
Calculate the remainder when 2092 is divided by 20.
12
Calculate the remainder when 154 is divided by 70.
14
What is the remainder when 2187 is divided by 15?
12
What is the remainder when 199 is divided by 52?
43
What is the remainder when 359 is divided by 36?
35
Calculate the remainder when 241 is divided by 71.
28
What is the remainder when 54 is divided by 8?
6
What is the remainder when 316 is divided by 18?
10
Calculate the remainder when 999 is divided by 91.
89
What is the remainder when 63 is divided by 11?
8
Calculate the remainder when 80 is divided by 12.
8
Calculate the remainder when 172 is divided by 87.
85
Calculate the remainder when 868 is divided by 10.
8
Calculate the remainder when 1854 is divided by 64.
62
Calculate the remainder when 622 is divided by 20.
2
Calculate the remainder when 1541 is divided by 222.
209
What is the remainder when 903 is divided by 111?
15
What is the remainder when 43 is divided by 36?
7
What is the remainder when 311 is divided by 263?
48
What is the remainder when 192 is divided by 97?
95
What is the remainder when 17 is divided by 14?
3
Calculate the remainder when 337 is divided by 83.
5
Calculate the remainder when 128 is divided by 55.
18
What is the remainder when 649 is divided by 33?
22
What is the remainder when 733 is divided by 13?
5
Calculate the remainder when 2654 is divided by 44.
14
What is the remainder when 109 is divided by 76?
33
What is the remainder when 1306 is divided by 11?
8
Calculate the remainder when 819 is divided by 26.
13
What is the remainder when 8521 is divided by 25?
21
What is the remainder when 8640 is divided by 29?
27
Calculate the remainder when 1146 is divided by 30.
6
What is the remainder when 125 is divided by 13?
8
Calculate the remainder when 1134 is divided by 52.
42
What is the remainder when 599 is divided by 259?
81
Calculate the remainder when 3197 is divided by 26.
25
Calculate the remainder when 395 is divided by 132.
131
Calculate the remainder when 5077 is divided by 4.
1
Calculate the remainder when 286 is divided by 145.
141
Calculate the remainder when 24703 is divided by 213.
208
What is the remainder when 72 is divided by 26?
20
Calculate the remainder when 188 is divided by 96.
92
What is the remainder when 149 is divided by 20?
9
What is the remainder when 24 is divided by 17?
7
What is the remainder when 55 is divided by 24?
7
What is the remainder when 2369 is divided by 788?
5
What is the remainder when 226 is divided by 76?
74
What is the remainder when 1135 is divided by 44?
35
Calculate the remainder when 15 is divided by 6.
3
What is the remainder when 228 is divided by 103?
22
What is the remainder when 15853 is divided by 16?
13
What is the remainder when 7729 is divided by 209?
205
What is the remainder when 458 is divided by 92?
90
Calculate the remainder when 48 is divided by 13.
9
Calculate the remainder when 619 is divided by 75.
19
What is the remainder when 3309 is divid